termine z(13).
-254
Let o(y) = -y**3 + 37*y**2 - 39*y + 1401. Determine o(37).
-42
Let y(q) = q**2 + 1062*q - 24944. What is y(23)?
11
Let v(h) = -12*h - 378. Determine v(-18).
-162
Let u(m) = 16*m**2 - 16*m - 33. Give u(-3).
159
Let j(f) = -f**2 + 2*f + 1207. Calculate j(36).
-17
Let u(f) = -29*f**3 + 3*f**2 - 7*f + 4. What is u(1)?
-29
Let j(c) = -c**2 - 68*c - 451. Give j(-60).
29
Let g(p) = -65*p + 1185. Give g(18).
15
Let b(u) = u**3 - 11*u**2 + 9*u - 13. Give b(0).
-13
Let r(g) = 2*g**2 - 22*g - 116. Determine r(-4).
4
Let a(t) = -t**3 + 8*t**2 - 34*t + 97. Calculate a(5).
2
Let h(u) = 57*u**3 + 14*u + 14. Determine h(-1).
-57
Let y(f) = 4*f**3 - 99*f**2 - 26*f - 87. Determine y(25).
-112
Let p(d) = 2*d**3 - d**2 + 58*d - 222. Give p(4).
122
Let o(m) = -m**3 + 17*m**2 + 5*m - 16. Give o(17).
69
Let z(b) = -2*b**3 - 6*b**2 - 8*b - 48. Give z(-5).
92
Let k(c) = c**2 + 493*c - 5543. Determine k(11).
1
Let x(m) = -m**3 - 11*m**2 + 43*m + 479. Calculate x(-9).
-70
Let s(b) = -7*b**2 + 236*b + 1097. What is s(-4)?
41
Let v(p) = -2478*p + 101605. Give v(41).
7
Let x(r) = -871*r + 10438. What is x(12)?
-14
Let r(d) = d**2 + 158*d + 6137. Give r(-72).
-55
Let z(j) = -19*j**2 - 298*j + 297. Calculate z(1).
-20
Let z(k) = 352*k + 1763. Give z(-5).
3
Let u(d) = 2*d**2 - 25*d - 869. What is u(28)?
-1
Let l(u) = -158*u + 4965. Calculate l(31).
67
Let z(l) = -159*l**2 + 4616*l - 156. What is z(29)?
-11
Let x(y) = y**2 + 77*y - 3926. Give x(-112).
-6
Let o(p) = -8*p**3 + 32*p**2 + 10*p - 19. Determine o(4).
21
Let y(o) = 8*o**3 - 166*o**2 + 305*o - 6. Give y(2).
4
Let v(a) = -10*a + 711. Calculate v(69).
21
Let s(t) = 70*t - 92. What is s(1)?
-22
Let v(z) = z**3 + 17*z**2 + 473*z + 8844. Give v(-18).
6
Let n(c) = 2*c**3 - 78*c**2 + 43*c + 1247. What is n(38)?
-7
Let d(n) = -16*n + 686. What is d(42)?
14
Let y(v) = -258*v**2 - 1286*v + 29. Calculate y(-5).
9
Let z(r) = -12*r**3 - 3*r - 5. What is z(-2)?
97
Let x(i) = 147*i**2 + i + 14. Determine x(0).
14
Let j(b) = -b**3 + 8*b**2 + 138*b - 731. Calculate j(5).
34
Let w(c) = -6235*c - 37416. Give w(-6).
-6
Let m(i) = -4*i**2 - 24*i + 69. What is m(3)?
-39
Let v(h) = -235*h + 3284. What is v(14)?
-6
Let i(q) = 2*q**2 - 361*q + 14525. Give i(120).
5
Let w(a) = -3402*a + 54435. Determine w(16).
3
Let s(i) = 7*i**2 + i - 9. Give s(3).
57
Let j(q) = -150*q - 3601. What is j(-24)?
-1
Let a(q) = -q**2 + 72*q + 2088. Determine a(94).
20
Let i(l) = 12*l**2 - 404*l + 637. Give i(32).
-3
Let g(j) = 5*j**2 + 6*j - 167. What is g(-10)?
273
Let k(l) = -l**2 - 13*l - 33. Give k(-5).
7
Let p(s) = -1138*s + 15928. Determine p(14).
-4
Let y(c) = -94*c - 7. Calculate y(1).
-101
Let u(z) = 26*z - 189. What is u(5)?
-59
Let i(d) = 78*d - 3822. Give i(49).
0
Let d(i) = -2*i**2 - 14*i + 31. Give d(-9).
-5
Let h(a) = a**2 + 62*a - 729. What is h(20)?
911
Let m(d) = 43*d**2 + 1289*d + 29. Calculate m(-30).
59
Let f(c) = -1207*c**2 + 9657*c - 2. Give f(8).
6
Let i(m) = -m**3 - 42*m**2 - 431*m + 26. What is i(-24)?
2
Let v(z) = -174*z - 22098. What is v(-127)?
0
Let y(f) = 329*f + 3298. Determine y(-10).
8
Let b(w) = -2*w**3 + 54*w**2 + 72. What is b(27)?
72
Let x(q) = 2*q**3 + 3*q**2 - 5*q + 21. Give x(4).
177
Let c(r) = 2*r**3 + 175*r**2 - 636*r + 80. Determine c(-91).
-11
Let i(w) = 60*w**3 + 9*w**2 - 15*w + 7. Determine i(1).
61
Let d(w) = 41*w - 566. Calculate d(14).
8
Let n(t) = -49*t + 475. Determine n(10).
-15
Let r(i) = 2*i**2 - 96*i - 987. What is r(56)?
-91
Let h(k) = 54301*k - 54292. Calculate h(1).
9
Let u(l) = -2525*l - 17671. What is u(-7)?
4
Let v(s) = 245*s - 1424. Calculate v(6).
46
Let l(r) = -2*r**2 + 23*r + 138. Give l(-7).
-121
Let g(p) = -p**3 - 17*p**2 - 9*p + 21. Determine g(-16).
-91
Let j(t) = 52*t - 64. Calculate j(9).
404
Let d(h) = -19*h - 326. Calculate d(-14).
-60
Let p(x) = -1509*x + 1443. Determine p(1).
-66
Let n(v) = -v**3 - 21*v**2 + 29*v + 181. Calculate n(-22).
27
Let o(c) = -c**3 + 86*c**2 - 1736*c + 251. Determine o(32).
-5
Let h(u) = -2*u**2 + 31*u + 9326. What is h(-61)?
-7
Let v(g) = -g**2 + 19*g - 29. What is v(18)?
-11
Let a(t) = 14*t**2 + 88*t - 6. Calculate a(-6).
-30
Let x(m) = 2*m**3 + 445*m**2 - 141*m + 18291. Give x(-223).
5
Let f(z) = 11*z**3 + 6*z**2 + 15*z + 2. Give f(-3).
-286
Let j(a) = 2*a**3 + 22*a**2 - 17*a - 51. Determine j(-10).
319
Let j(t) = 2*t**3 - 61*t**2 + 74*t + 368. Give j(29).
-9
Let p(a) = 6438*a - 25744. What is p(4)?
8
Let x(l) = 1909*l - 13352. What is x(7)?
11
Let d(h) = -h**3 - 7*h**2 + 141*h + 926. Determine d(-6).
44
Let c(n) = -65*n**2 - 5*n + 13. Calculate c(3).
-587
Let x(i) = 2*i**3 - 216*i**2 + 423*i + 90. What is x(106)?
-16
Let p(u) = -u**2 + 60*u + 463. Determine p(-11).
-318
Let h(s) = s**3 + 77*s**2 - 79*s + 14. Calculate h(-78).
92
Let g(d) = 16*d + 114. Determine g(-19).
-190
Let d(s) = -111*s - 474. Calculate d(-5).
81
Let w(m) = m**3 + 22*m**2 - 17*m - 1118. Calculate w(-20).
22
Let q(y) = -y**2 - 51*y - 621. What is q(-29)?
17
Let j(c) = -c**3 - 21*c**2 + 3*c + 6. Calculate j(-22).
424
Let r(n) = 2*n**3 + 19*n**2 - 24*n - 7. What is r(-10)?
133
Let t(x) = -x - 174. Give t(-10).
-164
Let n(c) = -25*c + 133. What is n(-3)?
208
Let m(a) = -a**3 - 16*a**2 + 214*a + 3360. Calculate m(-14).
-28
Let d(m) = 12*m**2 + 37*m + 34. Calculate d(-2).
8
Let m(l) = -l**2 + 20*l + 11. Give m(20).
11
Let u(m) = m**3 - 15*m**2 + 57*m + 3. Determine u(7).
10
Let q(r) = -376*r + 1133. Determine q(3).
5
Let t(r) = -110*r - 2693. Determine t(-25).
57
Let s(y) = y**2 + 21*y + 65. Calculate s(-7).
-33
Let i(t) = -t**2 - 20*t + 144. Give i(0).
144
Let q(t) = 2*t**2 - 76*t - 156. Determine q(40).
4
Let h(o) = 212*o + 17396. What is h(-82)?
12
Let p(f) = 4*f**2 + 105*f - 79. Calculate p(-25).
-204
Let l(t) = 2*t**3 + 40*t**2 + 73*t + 20. Determine l(-18).
2
Let x(g) = 17*g**3 - 3*g**2 - 26*g + 29. Give x(1).
17
Let a(o) = -99*o + 3754. Give a(38).
-8
Let a(l) = l**2 + 35*l - 775. Calculate a(-46).
-269
Let d(a) = -13*a**2 - 810*a - 250. What is d(-62)?
-2
Let x(s) = -23*s - 94. What is x(-14)?
228
Let w(g) = g + 210. Determine w(16).
226
Let y(v) = v**2 + 59*v + 992. Determine y(-25).
142
Let f(b) = 5*b**2 + 267*b + 387. Calculate f(-52).
23
Let w(m) = m**3 - 6*m**2 - 61*m + 373. Calculate w(9).
67
Let a(t) = -3*t**2 - 139*t - 1158. Determine a(-11).
8
Let p(r) = -r**3 + 98*r**2 - 112*r + 1449. Give p(97).
-6
Let o(r) = 3*r**2 + 32*r + 256. Give o(-8).
192
Let a(v) = -v**3 - 17*v**2 - 27*v - 44. Calculate a(-16).
132
Let r(n) = 48*n + 520. Determine r(-9).
88
Let y(c) = -66*c - 1551. Determine y(-23).
-33
Let p(w) = w**3 - 46*w**2 - 47*w + 15. Give p(47).
15
Let b(r) = 4*r**2 - 4*r - 17. Calculate b(6).
103
Let k(j) = 6*j - 275. Determine k(38).
-47
Let r(k) = 164*k + 1146. What is r(-7)?
-2
Let a(w) = w**3 + 7*w**2 - 23*w - 6. Give a(-9).
39
Let f(d) = 7*d - 245. Determine f(35).
0
Let w(j) = 1261*j - 6318. Calculate w(5).
-13
Let w(n) = -15*n**2 + 265*n + 95. Determine w(18).
5
Let o(s) = s**2 + 18*s + 12. Determine o(-8).
-68
Let p(j) = -25*j**3 - j**2 + 46*j + 48. Give p(-1).
26
Let i(w) = -200*w - 11394. Determine i(-57).
6
Let s(c) = -138*c + 2. What is s(2)?
-274
Let c(a) = -a**3 + 21*a**2 + 44*a + 66. What is c(23)?
20
Let x(j) = 5*j**3 + 2*j**2 + 24*j + 41. Give x(-6).
-1111
Let i(j) = 47*j - 1476. Determine i(47).
733
Let i(u) = 6*u**3 - 3*u**2 + 21*u - 39. Give i(2).
39
Let s(n) = -n**3 + 32*n**2 + 476*n + 14. What is s(43)?
143
Let d(j) = 2*j**3 + 86*j**2 - 3*j - 78. Determine d(-43).
51
Let u(l) = l**3 + l**2 - 66*l + 21. Determine u(-9).
-33
Let w(x) = -x**3 - 26*x**2 - 2*x - 8. Give w(-26).
44
Let q(f) = -555*f - 10570. Determine q(-19).
-25
Let l(a) = 2*a**2 + 50*a + 174. Calculate l(-21).
6
Let g(n) = -n**2 + 2*n + 267. Give g(-15).
12
Let n(k) = k**2 - 51*k + 463. Determine n(25).
-187
Let n(m) = 3917*m + 21. Give n(0).
21
Let c(v) = -939*v - 4686. Give c(-5).
9
Let o(q) = 1798*q - 10636. Calculate o(6).
152
Let u(l) = -7930*l - 23788. Give u(-3).
2
Let f(w) = 304*w + 1531. Determine f(-5).
11
Let o(n) = 47*n + 2879. What is o(-59)?
106
Let n(r) = -r**3 - 36*r**2 + 76*r + 49. Calculate n(-38).
49
Let w(q) = 35*q**2 + 6*q + 4. Calculate w(1).
45
Let j(h) = 1145*h + 39. Determine j(0).
39
Let k(v) = -2*v**3 - 9*v**2 - 10*v + 6. What is k(-2)?
6
L